ue
Is 3 a factor of 4832?
False
Is 1504092 a multiple of 146?
True
Is 50962 a multiple of 46?
False
Does 15 divide 353625?
True
Is 13 a factor of 356739?
False
Does 75 divide 264875?
False
Is 9 a factor of 20473?
False
Does 16 divide 214080?
True
Is 665856 a multiple of 34?
True
Is 4 a factor of 36516?
True
Is 11 a factor of 3448401?
True
Does 14 divide 977077?
False
Is 278 a factor of 2691596?
True
Is 39 a factor of 2253088?
False
Is 23387565 a multiple of 1555?
False
Does 16 divide 186305?
False
Is 8547936 a multiple of 6?
True
Is 483607 a multiple of 544?
False
Is 6348422 a multiple of 100?
False
Does 414 divide 3430221?
False
Is 373 a factor of 40862150?
True
Is 100436 a multiple of 7?
True
Is 11 a factor of 739442?
True
Is 44 a factor of 1335312?
True
Is 252699 a multiple of 271?
False
Is 87836 a multiple of 11?
False
Does 282 divide 997434?
True
Does 1117 divide 11226510?
False
Does 441 divide 83561?
False
Is 49 a factor of 863037?
True
Is 651636 a multiple of 23?
True
Does 421 divide 12693992?
True
Is 66 a factor of 3045570?
True
Is 3641402 a multiple of 15?
False
Is 4 a factor of 109948?
True
Does 26 divide 884858?
True
Is 16 a factor of 29618?
False
Is 961584 a multiple of 69?
True
Is 11 a factor of 46213?
False
Is 164 a factor of 994332?
True
Does 68 divide 157964?
True
Does 54 divide 1120642?
False
Does 253 divide 1364868?
False
Does 21 divide 646989?
True
Is 9790706 a multiple of 887?
True
Is 785 a factor of 4081373?
False
Is 128 a factor of 133969?
False
Is 140 a factor of 73360?
True
Is 968366 a multiple of 168?
False
Does 35 divide 77886?
False
Does 110 divide 28160?
True
Does 34 divide 2333386?
True
Does 47 divide 435963?
False
Is 2012622 a multiple of 159?
True
Does 51 divide 6966716?
False
Does 1039 divide 6617657?
False
Is 493 a factor of 24704406?
False
Does 134 divide 2398588?
False
Is 327528 a multiple of 18?
True
Is 49 a factor of 10019248?
False
Does 35 divide 46936?
False
Does 71 divide 3011820?
True
Does 62 divide 4544?
False
Is 15 a factor of 470040?
True
Is 1877794 a multiple of 20?
False
Does 121 divide 133463?
True
Does 562 divide 935475?
False
Is 6 a factor of 44441?
False
Is 39 a factor of 2279?
False
Is 14 a factor of 146608?
True
Does 18 divide 12225348?
True
Is 12 a factor of 42927?
False
Is 149 a factor of 254492?
True
Is 11427154 a multiple of 8?
False
Does 932 divide 1750650?
False
Does 37 divide 2365908?
False
Is 231258 a multiple of 16?
False
Is 52 a factor of 4183192?
True
Is 346947 a multiple of 109?
True
Is 42 a factor of 3608598?
True
Is 230 a factor of 245447?
False
Does 2825 divide 5931765?
False
Is 1228288 a multiple of 4?
True
Does 16 divide 9756499?
False
Is 673360 a multiple of 5?
True
Does 426 divide 1672050?
True
Is 150 a factor of 137400?
True
Is 96760 a multiple of 236?
True
Is 1390494 a multiple of 42?
True
Does 15 divide 326564?
False
Is 170343 a multiple of 243?
True
Is 1668254 a multiple of 29?
True
Is 19 a factor of 298623?
True
Is 163 a factor of 47224?
False
Is 18 a factor of 6138?
True
Is 2792549 a multiple of 11?
False
Is 144939 a multiple of 13?
False
Is 19 a factor of 1512525?
False
Is 174250 a multiple of 250?
True
Is 520 a factor of 173680?
True
Is 3336638 a multiple of 31?
False
Is 168644 a multiple of 19?
True
Does 7 divide 478436?
True
Is 6 a factor of 14386?
False
Is 633899 a multiple of 25?
False
Does 49 divide 839762?
True
Is 165830 a multiple of 8?
False
Is 63 a factor of 3192608?
False
Is 1061 a factor of 6544248?
True
Is 757728 a multiple of 36?
True
Does 330 divide 106412?
False
Does 218 divide 319834?
False
Does 21 divide 41118226?
False
Is 83 a factor of 59521?
False
Is 271823 even?
False
Does 126 divide 559276?
False
Is 3 a factor of 6222?
True
Does 53 divide 31694?
True
Is 435778 a multiple of 8?
False
Is 637378 a multiple of 859?
True
Is 301 a factor of 8142707?
False
Is 54171 a multiple of 9?
True
Is 158432 a multiple of 196?
False
Is 821832 a multiple of 24?
True
Does 256 divide 391991?
False
Does 3 divide 579069?
True
Is 26 a factor of 211455?
False
Does 9 divide 54965?
False
Is 85 a factor of 170941?
False
Is 163 a factor of 1562?
False
Is 10591200 a multiple of 10?
True
Is 28 a factor of 57699?
False
Is 5 a factor of 166294?
False
Is 280676 a multiple of 24?
False
Does 459 divide 190026?
True
Is 34600 a multiple of 40?
True
Does 419 divide 1309436?
False
Is 29 a factor of 3323023?
True
Is 145620 a multiple of 36?
True
Does 61 divide 16678?
False
Is 41150 a multiple of 12?
False
Is 392 a factor of 3719296?
True
Is 20 a factor of 22260?
True
Is 1075714 a multiple of 12?
False
Is 192 a factor of 93120?
True
Is 15 a factor of 3441060?
True
Is 568068 a multiple of 12?
True
Does 125 divide 45147?
False
Is 24 a factor of 818524?
False
Is 93433 a multiple of 122?
False
Is 685156 a multiple of 4?
True
Does 38 divide 4497946?
True
Is 18 a factor of 2719018?
False
Is 78 a factor of 222534?
True
Is 37 a factor of 52533?
False
Is 202 a factor of 179376?
True
Is 54845 a multiple of 4?
False
Is 3 a factor of 2420697?
True
Is 17 a factor of 483021?
True
Does 107 divide 1701116?
False
Is 10 a factor of 78213?
False
Does 59 divide 6779118?
False
Is 62497 a multiple of 29?
False
Does 111 divide 4626461?
False
Is 31393 a multiple of 579?
False
Is 17620586 a multiple of 703?
False
Is 87 a factor of 245253?
True
Is 22653120 a multiple of 42?
True
Is 11 a factor of 200708?
False
Does 21 divide 108078?
False
Is 1071408 a multiple of 156?
True
Is 83 a factor of 746614?
False
Is 237002 a multiple of 326?
True
Does 93 divide 388740?
True
Is 85 a factor of 152405?
True
Is 9374442 a multiple of 394?
True
Does 497 divide 151088?
True
Is 172458 a multiple of 33?
True
Is 63 a factor of 18725?
False
Is 10 a factor of 5180?
True
Is 279735 a multiple of 6?
False
Does 16 divide 558944?
True
Is 44323 a multiple of 312?
False
Is 21 a factor of 77112?
True
Is 10538869 a multiple of 1837?
True
Is 1895961 a multiple of 28?
False
Is 18 a factor of 602675?
False
Is 37 a factor of 1586856?
True
Does 1413 divide 12986761?
False
Is 138908 a multiple of 242?
True
Is 804724 a multiple of 46?
True
Is 9 a factor of 209403?
True
Does 88 divide 100335?
False
Is 11 a factor of 232726?
False
Does 15 divide 1602240?
True
Does 211 divide 451263?
False
Does 28 divide 671048?
True
Is 962019 a multiple of 17?
False
Is 170050 a multiple of 179?
True
Is 225289 a multiple of 56?
False
Is 550 a factor of 397699?
False
Is 37 a factor of 32005?
True
Is 155 a factor of 1672036?
False
Is 36549 a multiple of 38?
False
Is 90 a factor of 815310?
True
Does 6 divide 39048?
True
Is 59946 a multiple of 97?
True
Does 3 divide 29782?
False
Does 107 divide 678273?
True
Does 1069 divide 23862218?
True
Does 309 divide 145807?
False
Is 3 a factor of 33226?
False
Does 692 divide 10270664?
True
Is 336 a factor of 425376?
True
Is 2789832 a multiple of 20?
False
Does 6 divide 62028?
True
Is 215210 a multiple of 93?
False
Does 36 divide 157105?
False
Is 75 a factor of 90000?
True
Is 123 a factor of 2108712?
True
Does 243 divide 740641?
False
Does 737 divide 2196997?
True
Is 296625 a multiple of 375?
True
Does 13 divide 90259?
True
Does 55 divide 1041755?
True
Is 9 a factor of 7499?
False
Does 3 divide 124?
False
Does 227 divide 246068?
True
Is 64 a factor of 480256?
True
Does 62 divide 65233?
False
Does 28 divide 2995300?
True
Does 80 divide 239990?
False
Does 919 divide 540434?
False
Is 759 a multiple of 3?
True
Does 16 divide 943969?
False
Does 78 divide 39078?
True
Does 91 divide 24081967?
True
Is 1709568 a multiple of 16?
True
Is 33 a factor of 8481369?
False
Is 1675248 a multiple of 34?
True
Is 183 a factor of 87645?
False
Is 132576 a multiple of 308?
False
Is 424226 a multiple of 242?
True
Is 658 a factor of 13407454?
False
Is 669 a factor of 5533363?
False
Does 302 divide 1943991?
False
Is 1270348 a multiple of 207?
False
Is 3852162 a multiple of 298?
False
Is 2492343 a multiple of 292?
False
Does 7 divide 2095492?
True
Does 5 divide 137512?
False
Is 11 a factor of 9749157?
True
Is 15 a factor of 2324904?
False
Does 7 divide 8646?
False
Does 9 divide 504?
True
Is 62 a factor of 61795?
False
Does 2 divide 28855?
False
Is 451637 a multiple of 13?
False
Is 1838641 a multiple of 1603?
True
Does 8 divide 2231144?
True
Does 108 divide 